{"id":1150,"date":"2021-09-20T09:34:29","date_gmt":"2021-09-20T09:34:29","guid":{"rendered":"https:\/\/blanquette.qodeinteractive.com\/?page_id=1150"},"modified":"2025-11-14T15:26:40","modified_gmt":"2025-11-14T15:26:40","slug":"evenimente-tematice","status":"publish","type":"page","link":"https:\/\/casazaraza.ro\/index.php\/evenimente-tematice\/","title":{"rendered":"Evenimente tematice"},"content":{"rendered":"\t\t<div data-elementor-type=\"wp-page\" data-elementor-id=\"1150\" class=\"elementor elementor-1150\">\n\t\t\t\t\t\t<section class=\"elementor-section elementor-top-section elementor-element elementor-element-6dd97d8 elementor-section-full_width elementor-hidden-desktop elementor-hidden-tablet elementor-hidden-mobile elementor-section-height-default elementor-section-height-default qodef-elementor-content-no\" data-id=\"6dd97d8\" data-element_type=\"section\" data-e-type=\"section\">\n\t\t\t\t\t\t<div class=\"elementor-container elementor-column-gap-default\">\n\t\t\t\t\t<div class=\"elementor-column elementor-col-100 elementor-top-column elementor-element elementor-element-4f1ef02\" data-id=\"4f1ef02\" data-element_type=\"column\" data-e-type=\"column\">\n\t\t\t<div class=\"elementor-widget-wrap elementor-element-populated\">\n\t\t\t\t\t\t<div class=\"elementor-element elementor-element-d0e9f3e elementor-widget elementor-widget-slider_revolution\" data-id=\"d0e9f3e\" data-element_type=\"widget\" data-e-type=\"widget\" data-widget_type=\"slider_revolution.default\">\n\t\t\t\t\t\n\t\t<div class=\"wp-block-themepunch-revslider\">\n\t\t\t\t<p class=\"rs-p-wp-fix\"><\/p>\n\t\t\t\t<sr7-module data-alias=\"home-open-kitchen\" data-id=\"4\" id=\"SR7_4_1\" class=\"rs-ov-hidden\" data-version=\"6.7.35\">\n\t\t\t\t\t<sr7-adjuster><\/sr7-adjuster>\n\t\t\t\t\t<sr7-content>\n\t\t\t\t\t\t<sr7-slide id=\"SR7_4_1-12\" data-key=\"12\">\n\t\t\t\t\t\t\t<sr7-bg id=\"SR7_4_1-12-2\" class=\"sr7-layer\"><noscript><img decoding=\"async\" src=\"https:\/\/casazaraza.ro\/wp-content\/uploads\/2021\/10\/Rev-open-kitchen-slide-img-01.jpg\" alt=\"n\" title=\"Rev-open-kitchen-slide-img-01\"><\/noscript><\/sr7-bg>\n\t\t\t\t\t\t\t<sr7-txt id=\"SR7_4_1-12-1\" class=\"sr7-layer\">Kitchen experts<\/sr7-txt>\n\t\t\t\t\t\t<\/sr7-slide>\n\t\t\t\t\t\t<sr7-slide id=\"SR7_4_1-13\" data-key=\"13\">\n\t\t\t\t\t\t\t<sr7-bg id=\"SR7_4_1-13-2\" class=\"sr7-layer\"><noscript><img decoding=\"async\" src=\"https:\/\/casazaraza.ro\/wp-content\/uploads\/2021\/10\/Rev-open-kitchen-slide-img-02.jpg\" alt=\"g\" title=\"Rev-open-kitchen-slide-img-02\"><\/noscript><\/sr7-bg>\n\t\t\t\t\t\t\t<sr7-txt id=\"SR7_4_1-13-1\" class=\"sr7-layer\">Special recipes<\/sr7-txt>\n\t\t\t\t\t\t<\/sr7-slide>\n\t\t\t\t\t\t<sr7-slide id=\"SR7_4_1-14\" data-key=\"14\">\n\t\t\t\t\t\t\t<sr7-bg id=\"SR7_4_1-14-2\" class=\"sr7-layer\"><noscript><img decoding=\"async\" src=\"https:\/\/casazaraza.ro\/wp-content\/uploads\/2021\/10\/Rev-open-kitchen-slide-img-03.jpg\" alt=\"m\" title=\"Rev-open-kitchen-slide-img-03\"><\/noscript><\/sr7-bg>\n\t\t\t\t\t\t\t<sr7-txt id=\"SR7_4_1-14-1\" class=\"sr7-layer\">The best food<\/sr7-txt>\n\t\t\t\t\t\t<\/sr7-slide>\n\t\t\t\t\t\t<sr7-slide id=\"SR7_4_1-19\" data-key=\"19\">\n\t\t\t\t\t\t\t<sr7-txt id=\"SR7_4_1-19-0\" class=\"sr7-layer\"><svg class=\"qodef-signature-svg\"  xmlns=\"http:\/\/www.w3.org\/2000\/svg\" viewbox=\"0 0 321 227\">\n  \n  <mask id=\"qodefSignatureMask\">\n\t\t<g>\n\t\t\t<g>\n         <path d=\"M316.5,123.6c-18.7,0.1-91.6,43.2-118.7,44.2c2.4-12.7,4.6-25.5,6.8-38.2c31.3-31.3,38.6-79.8,38.7-124.3  c0-1.5-3.9-2.7-4.6-1.4c-23,36.5-31.3,81.2-38.7,124c-4.2,4.2-13.2,12.8-19.2,13c-4,0.2-2.7-12-2.5-13.7c0.2-1.5-3.4-2.7-3.9-1.2  c-3.6,10.2-9.9,13-17.4,17.4c0.5-3.5,0.5-7.1,0.5-10.5c0-1.4-3.2-2.1-4.1-1.2c-3.9,3.8-8.3,7.4-12,11.4c-0.4-1-0.7-1.9-0.9-1.8  c0.7-0.2,0.5-1.1,0.6-3.8c0-1.4-3.5-2.4-4.3-1.3c-2.3,3.2-6.2,6.1-9.6,8.4c-0.1-1.8-0.2-3.5-0.2-5.9c0.8-2.1,0.7-3.9-1.6-4.6  c-2.4-0.8-3,0.7-3.1,2.5c-1.9,2.7,1.4,3-14.7,15.7c-1.4-7.3-4.9-14.2-4.1-22c0.1-1.5-3.2-2.8-4.1-1.6c-9.6,11.9-33.3,35.8-44.6,25.4  c-3.7-3.4-5.9-9.3-7.5-14.4C95.5,137.7,136,15.9,76.8,2.9C58.2-1.2,43.4,9.8,33.5,24.2c0-4.3,0-5.2-0.1-7c0.3,0.2,0.9,0.3,0.9-0.1  c-0.8-6.8-0.5-8-2.1-8.3c-1.6-0.3-0.9,1.2-1.8,20.3C6.7,68.7-3.5,155.6,2.9,189.4c0.3,1.4,3.7,2.6,4.4,1c8.1-18.5,13.4-38,17.1-57.8  c5.5,3.8,11.6,6.3,18.1,7c10.6,33.2,32.9,21.8,56.4-4.2c0.7,8.6,4.2,14,4.5,20.9c0,1.6,3.5,2.3,4.5,1.4c4.6-4.5,10.3-7.6,14.6-12.4  c0.2,3.3,0.3,5.1,3,5.4c0.8,0.2,2,0,2.1-1c0,0.2,9.2-7.1,9.3-7.2c0.5,1.5,1.4,3.7,1.7,4.1c-1.6,2.2,3.7,3.3,4,1.4  c2.9-4,6.7-7.2,10.4-10.5c-0.1,3.3-0.5,6.5-1.4,9.6c-0.5,1.5,2.9,2.5,3.8,1.8c6.7-4.7,13.7-6.8,18.3-12.8c1.2,8.4,9.7,12.6,24.9-0.8  c-0.2,1.3-0.4,2.5-0.6,3.8c-1.1,0.1-20.1,25.6-5.6,31c-5,25.6-6.2,25.5-14,53.6c-0.5,1.7,4,3.1,4.6,1.4  c6.2-17.6,10.6-35.8,14.2-54.1c23.4,1.8,89-35.3,115-43.1c-4.6,6.2-9,12.4-15,17.3c-1.4,1.2,2.9,3.1,4.2,2  c7.2-6,12.4-13.7,18.2-20.9C321,124.7,317.5,123.6,316.5,123.6z M85.6,8.9c37.1,22.2,3.3,123.3-39.4,127.8  c-3.3-11.3-7.2-21.3-19-20.4c5.5-36.8,6.6-77.3,6.4-84.6C49.6,3.5,71.1,0.2,85.6,8.9z M6.1,181.2C3.6,152.8,8,84.2,29.9,38.7  c-1.1,25.9-3.2,52.6-7.2,78.4c-3.2,0.9-6.3,2.3-9,3.8c-0.8,0.4-0.6,1.1-0.1,1.7c2.1,2.6,4.5,4.9,6.9,7  C17.2,147.2,12.7,164.6,6.1,181.2z M21.2,125.7c-0.9-0.9-1.8-1.9-2.6-2.8c1.1-0.6,2.2-1.2,3.4-1.7C21.8,122.7,21.5,124.2,21.2,125.7  z M25.1,129.3c0.6-3.3,1.1-6.5,1.7-9.8c7.8-1.8,10.5,2.8,14.9,17.3C35.3,136.3,29.9,133.4,25.1,129.3z M238.3,14.2  c-1.5,55.3-16.4,88.2-32.2,107.1C212.8,83.2,220.6,46.1,238.3,14.2z M196.5,147.7c-0.1,0.8-2.1,12-3.5,19.4  C188.4,163.8,193.8,152.7,196.5,147.7z\"\/>\n      <\/g>\n    <\/g>\n\t<\/mask>\n  \n  <g mask=\"url(#qodefSignatureMask)\">\n\t\t<g class=\"qodef-signature-svg-paths\">      \n      <path d=\"M31.5,10.5c0,0,2,63-6,103c-9.8,48.9-21,75-21,75s-4-48,3-87s22-66,22-66s6-14,13-21s12-9,15-10s10-2,13-2  s11.5-0.5,25,13s7,50,7,50s-3,33-30,61s-58-3-58-3s9.3-10,21-3c5,3,6,13,11,27c1.1,3,5,11,13,13s20-7,29-16c5.1-5.1,12-13,12-13  l6,26l17-16l2,7l12-8l3,7l15-13v13c0,0,19-10,21-17s0,4,0,4s-1,5,2,8s15,1,24-10s22-27,29-47s10-79,10-79s-16,21-27,65s-12,59-12,59  s-4,25-6,38s-15,57-15,57\"\/>\n      <path d=\"M200.5,139.5c-4,6-8.3,10.1-10,17c-1,4-1,7,0,9s6,4,14,3c6-0.8,25-7,36-12s38-17,38-17l19-9c0,0,11-6,19-6  s-15,21-15,21\"\/> \n     <\/g>\n\t<\/g>\n<\/svg><\/sr7-txt>\n\t\t\t\t\t\t<\/sr7-slide>\n\t\t\t\t\t<\/sr7-content>\n\t\t\t\t\t<image_lists style=\"display:none\">\n\t\t\t\t\t\t<img data-src=\"\/\/casazaraza.ro\/wp-content\/uploads\/2021\/10\/Rev-open-kitchen-slide-img-01.jpg\" data-libid=\"4285\" data-lib=\"medialibrary\" alt=\"n\" title=\"Rev-open-kitchen-slide-img-01\" width=\"0\" height=\"0\" data-dbsrc=\"Ly9jYXNhemFyYXphLnJvL3dwLWNvbnRlbnQvdXBsb2Fkcy8yMDIxLzEwL1Jldi1vcGVuLWtpdGNoZW4tc2xpZGUtaW1nLTAxLmpwZw==\"\/>\n\t\t\t\t\t\t<img data-src=\"\/\/casazaraza.ro\/wp-content\/uploads\/2021\/10\/Rev-open-kitchen-slide-img-02.jpg\" data-libid=\"4286\" data-lib=\"medialibrary\" alt=\"g\" title=\"Rev-open-kitchen-slide-img-02\" width=\"0\" height=\"0\" data-dbsrc=\"Ly9jYXNhemFyYXphLnJvL3dwLWNvbnRlbnQvdXBsb2Fkcy8yMDIxLzEwL1Jldi1vcGVuLWtpdGNoZW4tc2xpZGUtaW1nLTAyLmpwZw==\"\/>\n\t\t\t\t\t\t<img data-src=\"\/\/casazaraza.ro\/wp-content\/uploads\/2021\/10\/Rev-open-kitchen-slide-img-03.jpg\" data-libid=\"4287\" data-lib=\"medialibrary\" alt=\"m\" title=\"Rev-open-kitchen-slide-img-03\" width=\"0\" height=\"0\" data-dbsrc=\"Ly9jYXNhemFyYXphLnJvL3dwLWNvbnRlbnQvdXBsb2Fkcy8yMDIxLzEwL1Jldi1vcGVuLWtpdGNoZW4tc2xpZGUtaW1nLTAzLmpwZw==\"\/>\n\t\t\t\t\t\t<img loading=\"lazy\" data-src=\"\/\/casazaraza.ro\/wp-content\/uploads\/2021\/10\/Home-open-kitchen-rev-signature.png\" data-lib=\"medialibrary\" width=\"0\" height=\"0\" data-dbsrc=\"Ly9jYXNhemFyYXphLnJvL3dwLWNvbnRlbnQvdXBsb2Fkcy8yMDIxLzEwL0hvbWUtb3Blbi1raXRjaGVuLXJldi1zaWduYXR1cmUucG5n\"\/>\n\t\t\t\t\t<\/image_lists>\n\t\t\t\t<\/sr7-module>\n\t\t\t\t<script>\n\t\t\t\t\tSR7.PMH ??={}; SR7.PMH[\"SR7_4_1\"] = {cn:100,state:false,fn: function() { if (_tpt!==undefined && _tpt.prepareModuleHeight !== undefined) {  _tpt.prepareModuleHeight({id:\"SR7_4_1\",el:[800,800,560,700,750],type:'standard',shdw:'0',gh:[800,800,560,700,750],gw:[1300,1300,1100,778,480],vpt:['-100px&#039;,&#039;-100px&#039;,&#039;-100px&#039;,&#039;-100px&#039;,&#039;-100px'],size:{fullWidth:true, fullHeight:false},mh:'0',onh:0,onw:0,bg:{color:'{\"orig\":\"transparent\",\"type\":\"solid\",\"string\":\"transparent\"}'}});   SR7.PMH[\"SR7_4_1\"].state=true;} else if(SR7.PMH[\"SR7_4_1\"].cn-->0)\tsetTimeout( SR7.PMH[\"SR7_4_1\"].fn,19);}};SR7.PMH[\"SR7_4_1\" ].fn();\n\t\t\t\t<\/script>\n<\/div>\n\n\t\t\t\t\t\t<\/div>\n\t\t\t\t\t<\/div>\n\t\t<\/div>\n\t\t\t\t\t<\/div>\n\t\t<\/section>\n\t\t\t\t<section class=\"elementor-section elementor-top-section elementor-element elementor-element-4d56d881 qodef-elementor-content-grid elementor-section-boxed elementor-section-height-default elementor-section-height-default\" data-id=\"4d56d881\" data-element_type=\"section\" data-e-type=\"section\">\n\t\t\t\t\t\t<div class=\"elementor-container elementor-column-gap-default\">\n\t\t\t\t\t<div class=\"elementor-column elementor-col-50 elementor-top-column elementor-element elementor-element-41272336\" data-id=\"41272336\" data-element_type=\"column\" data-e-type=\"column\">\n\t\t\t<div class=\"elementor-widget-wrap elementor-element-populated\">\n\t\t\t\t\t\t<div class=\"elementor-element elementor-element-39c0b85f elementor-widget elementor-widget-blanquette_core_single_image\" data-id=\"39c0b85f\" data-element_type=\"widget\" data-e-type=\"widget\" data-widget_type=\"blanquette_core_single_image.default\">\n\t\t\t\t<div class=\"elementor-widget-container\">\n\t\t\t\t\t<div class=\"qodef-shortcode qodef-m qodef-single-image qodef-layout--default qodef-has-appear qodef-direction--from-left\" data-viewport-offset=\"0.1\">\n\t\t<div class=\"qodef-m-image\">\n\t\t\t\t\t<img loading=\"lazy\" decoding=\"async\" width=\"1920\" height=\"1226\" src=\"https:\/\/casazaraza.ro\/wp-content\/uploads\/2025\/11\/casa_zaraza_20.jpg\" class=\"attachment-full size-full\" alt=\"\" srcset=\"https:\/\/casazaraza.ro\/wp-content\/uploads\/2025\/11\/casa_zaraza_20.jpg 1920w, https:\/\/casazaraza.ro\/wp-content\/uploads\/2025\/11\/casa_zaraza_20-300x192.jpg 300w, https:\/\/casazaraza.ro\/wp-content\/uploads\/2025\/11\/casa_zaraza_20-1024x654.jpg 1024w, https:\/\/casazaraza.ro\/wp-content\/uploads\/2025\/11\/casa_zaraza_20-768x490.jpg 768w, https:\/\/casazaraza.ro\/wp-content\/uploads\/2025\/11\/casa_zaraza_20-1536x981.jpg 1536w\" sizes=\"(max-width: 1920px) 100vw, 1920px\" \/>\t\t\t<\/div>\n<\/div>\n\t\t\t\t<\/div>\n\t\t\t\t<\/div>\n\t\t\t\t\t<\/div>\n\t\t<\/div>\n\t\t\t\t<div class=\"elementor-column elementor-col-50 elementor-top-column elementor-element elementor-element-5b0586bb\" data-id=\"5b0586bb\" data-element_type=\"column\" data-e-type=\"column\">\n\t\t\t<div class=\"elementor-widget-wrap elementor-element-populated\">\n\t\t\t\t\t\t<div class=\"elementor-element elementor-element-79963285 elementor-widget elementor-widget-blanquette_core_section_title\" data-id=\"79963285\" data-element_type=\"widget\" data-e-type=\"widget\" data-widget_type=\"blanquette_core_section_title.default\">\n\t\t\t\t<div class=\"elementor-widget-container\">\n\t\t\t\t\t<div class=\"qodef-shortcode qodef-m qodef-section-title qodef-alignment--left\">\n\t\t\t<h3 class=\"qodef-m-title\" >\n\t\t\t\t\tLa Casa Zaraza\t\t\t<\/h3>\n\t\t<p class=\"qodef-m-section-text\" style=\"margin-top: 15px\">experien\u021ba culinar\u0103 se \u00eembin\u0103 cu distrac\u021bia \u0219i atmosfera de poveste.\nOrganiz\u0103m seri tematice \u0219i evenimente deschise publicului, unde trecutul Bucure\u0219tiului prinde via\u021b\u0103 prin muzic\u0103, dans \u0219i gastronomie.\n<\/p>\n\t\t<div class=\"qodef-m-button\">\r\n\t\t<a class=\"qodef-shortcode qodef-m qodef-button qodef-layout--outlined qodef-html--link\" href=\"tel:+40737021215\" target=\"_self\"  >\t<span class=\"qodef-m-text\">Contacteaz\u0103-ne<\/span><\/a>\t<\/div>\r\n<\/div>\n\t\t\t\t<\/div>\n\t\t\t\t<\/div>\n\t\t\t\t\t<\/div>\n\t\t<\/div>\n\t\t\t\t\t<\/div>\n\t\t<\/section>\n\t\t\t\t<section class=\"elementor-section elementor-top-section elementor-element elementor-element-50952e97 qodef-elementor-content-grid elementor-section-boxed elementor-section-height-default elementor-section-height-default\" data-id=\"50952e97\" data-element_type=\"section\" data-e-type=\"section\">\n\t\t\t\t\t\t<div class=\"elementor-container elementor-column-gap-default\">\n\t\t\t\t\t<div class=\"elementor-column elementor-col-50 elementor-top-column elementor-element elementor-element-5cbc4ba1\" data-id=\"5cbc4ba1\" data-element_type=\"column\" data-e-type=\"column\">\n\t\t\t<div class=\"elementor-widget-wrap elementor-element-populated\">\n\t\t\t\t\t\t<div class=\"elementor-element elementor-element-3451c3d6 elementor-widget elementor-widget-blanquette_core_section_title\" data-id=\"3451c3d6\" data-element_type=\"widget\" data-e-type=\"widget\" data-widget_type=\"blanquette_core_section_title.default\">\n\t\t\t\t<div class=\"elementor-widget-container\">\n\t\t\t\t\t<div class=\"qodef-shortcode qodef-m qodef-section-title qodef-alignment--left\">\n\t\t\t<h3 class=\"qodef-m-title\" >\n\t\t\t\t\tSeri interbelice\t\t\t<\/h3>\n\t\t<p class=\"qodef-m-section-text\" style=\"margin-top: 15px\">muzic\u0103 live, roman\u021be \u0219i jazz, vinuri \u0219i preparate tradi\u021bionale. \nSeri ale anilor \u201970: hituri legendare, decor retro, cocktailuri inspirate din epoc\u0103.\nDegust\u0103ri \u0219i evenimente culturale: vinuri rom\u00e2ne\u0219ti, concerte de muzic\u0103 acustic\u0103, expozi\u021bii artistice.<\/p>\n\t<\/div>\n\t\t\t\t<\/div>\n\t\t\t\t<\/div>\n\t\t\t\t\t<\/div>\n\t\t<\/div>\n\t\t\t\t<div class=\"elementor-column elementor-col-50 elementor-top-column elementor-element elementor-element-5c584142\" data-id=\"5c584142\" data-element_type=\"column\" data-e-type=\"column\">\n\t\t\t<div class=\"elementor-widget-wrap elementor-element-populated\">\n\t\t\t\t\t\t<div class=\"elementor-element elementor-element-63e7f8b1 elementor-widget elementor-widget-blanquette_core_single_image\" data-id=\"63e7f8b1\" data-element_type=\"widget\" data-e-type=\"widget\" data-widget_type=\"blanquette_core_single_image.default\">\n\t\t\t\t<div class=\"elementor-widget-container\">\n\t\t\t\t\t<div class=\"qodef-shortcode qodef-m qodef-single-image qodef-layout--default qodef-has-appear qodef-direction--from-right\" data-viewport-offset=\"0.1\">\n\t\t<div class=\"qodef-m-image\">\n\t\t\t\t\t<img loading=\"lazy\" decoding=\"async\" width=\"1920\" height=\"1226\" src=\"https:\/\/casazaraza.ro\/wp-content\/uploads\/2025\/11\/casa_zaraza_21.jpg\" class=\"attachment-full size-full\" alt=\"\" srcset=\"https:\/\/casazaraza.ro\/wp-content\/uploads\/2025\/11\/casa_zaraza_21.jpg 1920w, https:\/\/casazaraza.ro\/wp-content\/uploads\/2025\/11\/casa_zaraza_21-300x192.jpg 300w, https:\/\/casazaraza.ro\/wp-content\/uploads\/2025\/11\/casa_zaraza_21-1024x654.jpg 1024w, https:\/\/casazaraza.ro\/wp-content\/uploads\/2025\/11\/casa_zaraza_21-768x490.jpg 768w, https:\/\/casazaraza.ro\/wp-content\/uploads\/2025\/11\/casa_zaraza_21-1536x981.jpg 1536w\" sizes=\"(max-width: 1920px) 100vw, 1920px\" \/>\t\t\t<\/div>\n<\/div>\n\t\t\t\t<\/div>\n\t\t\t\t<\/div>\n\t\t\t\t\t<\/div>\n\t\t<\/div>\n\t\t\t\t\t<\/div>\n\t\t<\/section>\n\t\t\t\t<section class=\"elementor-section elementor-top-section elementor-element elementor-element-7f62dc85 qodef-elementor-content-grid elementor-section-boxed elementor-section-height-default elementor-section-height-default\" data-id=\"7f62dc85\" data-element_type=\"section\" data-e-type=\"section\">\n\t\t\t\t\t\t<div class=\"elementor-container elementor-column-gap-default\">\n\t\t\t\t\t<div class=\"elementor-column elementor-col-50 elementor-top-column elementor-element elementor-element-678cb518\" data-id=\"678cb518\" data-element_type=\"column\" data-e-type=\"column\">\n\t\t\t<div class=\"elementor-widget-wrap elementor-element-populated\">\n\t\t\t\t\t\t<div class=\"elementor-element elementor-element-6fbb2d97 elementor-widget elementor-widget-blanquette_core_single_image\" data-id=\"6fbb2d97\" data-element_type=\"widget\" data-e-type=\"widget\" data-widget_type=\"blanquette_core_single_image.default\">\n\t\t\t\t<div class=\"elementor-widget-container\">\n\t\t\t\t\t<div class=\"qodef-shortcode qodef-m qodef-single-image qodef-layout--default qodef-has-appear qodef-direction--from-left\" data-viewport-offset=\"0.1\">\n\t\t<div class=\"qodef-m-image\">\n\t\t\t\t\t<img loading=\"lazy\" decoding=\"async\" width=\"1920\" height=\"1226\" src=\"https:\/\/casazaraza.ro\/wp-content\/uploads\/2025\/11\/casa_zaraza_22.jpg\" class=\"attachment-full size-full\" alt=\"\" srcset=\"https:\/\/casazaraza.ro\/wp-content\/uploads\/2025\/11\/casa_zaraza_22.jpg 1920w, https:\/\/casazaraza.ro\/wp-content\/uploads\/2025\/11\/casa_zaraza_22-300x192.jpg 300w, https:\/\/casazaraza.ro\/wp-content\/uploads\/2025\/11\/casa_zaraza_22-1024x654.jpg 1024w, https:\/\/casazaraza.ro\/wp-content\/uploads\/2025\/11\/casa_zaraza_22-768x490.jpg 768w, https:\/\/casazaraza.ro\/wp-content\/uploads\/2025\/11\/casa_zaraza_22-1536x981.jpg 1536w\" sizes=\"(max-width: 1920px) 100vw, 1920px\" \/>\t\t\t<\/div>\n<\/div>\n\t\t\t\t<\/div>\n\t\t\t\t<\/div>\n\t\t\t\t\t<\/div>\n\t\t<\/div>\n\t\t\t\t<div class=\"elementor-column elementor-col-50 elementor-top-column elementor-element elementor-element-1c4dbbb\" data-id=\"1c4dbbb\" data-element_type=\"column\" data-e-type=\"column\">\n\t\t\t<div class=\"elementor-widget-wrap elementor-element-populated\">\n\t\t\t\t\t\t<div class=\"elementor-element elementor-element-7006f81f elementor-widget elementor-widget-blanquette_core_section_title\" data-id=\"7006f81f\" data-element_type=\"widget\" data-e-type=\"widget\" data-widget_type=\"blanquette_core_section_title.default\">\n\t\t\t\t<div class=\"elementor-widget-container\">\n\t\t\t\t\t<div class=\"qodef-shortcode qodef-m qodef-section-title qodef-alignment--left\">\n\t\t\t<h3 class=\"qodef-m-title\" >\n\t\t\t\t\tFiecare sear\u0103 este\t\t\t<\/h3>\n\t\t<p class=\"qodef-m-section-text\" style=\"margin-top: 15px\">o c\u0103l\u0103torie \u00een timp, un motiv de \u00eent\u00e2lnire cu prietenii \u0219i o experien\u021b\u0103 memorabil\u0103 pentru tot publicul. Casa Zaraza \u2013 locul unde muzica, povestea \u0219i gustul se \u00eent\u00e2lnesc \u00een seri de neuitat.<\/p>\n\t\t<div class=\"qodef-m-button\">\r\n\t\t<a class=\"qodef-shortcode qodef-m qodef-button qodef-layout--outlined qodef-html--link\" href=\"tel:+40737021215\" target=\"_self\"  >\t<span class=\"qodef-m-text\">Sun\u0103 acum<\/span><\/a>\t<\/div>\r\n<\/div>\n\t\t\t\t<\/div>\n\t\t\t\t<\/div>\n\t\t\t\t\t<\/div>\n\t\t<\/div>\n\t\t\t\t\t<\/div>\n\t\t<\/section>\n\t\t\t\t<\/div>\n\t\t","protected":false},"excerpt":{"rendered":"<p>La Casa Zaraza experien\u021ba culinar\u0103 se \u00eembin\u0103 cu distrac\u021bia \u0219i atmosfera de poveste. Organiz\u0103m seri tematice \u0219i evenimente deschise publicului, unde trecutul Bucure\u0219tiului prinde via\u021b\u0103 prin muzic\u0103, dans \u0219i gastronomie. Contacteaz\u0103-ne Seri interbelice muzic\u0103 live, roman\u021be \u0219i jazz, vinuri \u0219i preparate tradi\u021bionale. Seri ale anilor \u201970: hituri legendare, decor retro, cocktailuri inspirate din epoc\u0103. Degust\u0103ri [&hellip;]<\/p>\n","protected":false},"author":1,"featured_media":0,"parent":0,"menu_order":0,"comment_status":"closed","ping_status":"closed","template":"","meta":{"footnotes":""},"class_list":["post-1150","page","type-page","status-publish","hentry"],"_links":{"self":[{"href":"https:\/\/casazaraza.ro\/index.php\/wp-json\/wp\/v2\/pages\/1150","targetHints":{"allow":["GET"]}}],"collection":[{"href":"https:\/\/casazaraza.ro\/index.php\/wp-json\/wp\/v2\/pages"}],"about":[{"href":"https:\/\/casazaraza.ro\/index.php\/wp-json\/wp\/v2\/types\/page"}],"author":[{"embeddable":true,"href":"https:\/\/casazaraza.ro\/index.php\/wp-json\/wp\/v2\/users\/1"}],"replies":[{"embeddable":true,"href":"https:\/\/casazaraza.ro\/index.php\/wp-json\/wp\/v2\/comments?post=1150"}],"version-history":[{"count":14,"href":"https:\/\/casazaraza.ro\/index.php\/wp-json\/wp\/v2\/pages\/1150\/revisions"}],"predecessor-version":[{"id":9255,"href":"https:\/\/casazaraza.ro\/index.php\/wp-json\/wp\/v2\/pages\/1150\/revisions\/9255"}],"wp:attachment":[{"href":"https:\/\/casazaraza.ro\/index.php\/wp-json\/wp\/v2\/media?parent=1150"}],"curies":[{"name":"wp","href":"https:\/\/api.w.org\/{rel}","templated":true}]}}